-1
Let g = 36 - 17. Let v = g - 15. Let o(k) = 4*k - 2. What is o(v)?
14
Let c = -27 - -33. Let h(q) = -q**2 + 7*q - 3. Calculate h(c).
3
Suppose -2*f - 23 = -4*b - 3*f, b + 18 = -5*f. Let p(u) = -u**2 + 8*u - 5. Give p(b).
2
Let w(l) = -l**3 - l + 2. Let f be w(0). Let p(c) = 1 + c + f*c + 0*c. Suppose 0*y = 5*y + 15. What is p(y)?
-8
Suppose -4*f + 0 = 16. Let n(k) = -k**3 - 3*k**2 + 3*k - 4. Determine n(f).
0
Let r = -18 + 20. Let j(q) = 2*q**2 - q - 2. Determine j(r).
4
Let h(l) = -5*l + 5 + 2*l**2 - l**2 + 0*l**2. Suppose 108 = 10*v + 8*v. Calculate h(v).
11
Let b(h) = -2*h**2 - h - 2. Suppose y + 3*f = 8*f - 9, -3*y + 4*f - 27 = 0. Let m = y + 7. What is b(m)?
-8
Let p = -3 - -5. Let h(y) = -3*y**2 - 3 - y - 5*y + p*y**2 + 4*y. Calculate h(-4).
-11
Let f(s) = s - 3 + 1 + 2 - 12. What is f(6)?
-6
Let p be (3/4)/((-8)/32). Let o be 27/p*(-8)/(-12). Let l(d) = d**2 + 3*d - 6. Calculate l(o).
12
Suppose 6*i - 11 = 13. Let r(h) be the first derivative of h**2/2 - 2*h - 1. Determine r(i).
2
Let t = 169 - 174. Let c(n) = n**2 + 13*n + 1. Let d(s) = -s**2 - 14*s. Let y(o) = 7*c(o) + 6*d(o). Give y(t).
-3
Suppose 0 = 3*j - 26 + 5. Let y = 2 - j. Let f(z) = z**2 + 5*z - 1. What is f(y)?
-1
Let p = -5 + 11. Let o(g) = 6*g**2 - 6*g - 8. Let k(a) = 7*a**2 - 6*a - 9. Let n(d) = -5*k(d) + 6*o(d). Give n(p).
-3
Let t(z) = z**3 + 6*z**2 + 5*z + 2. Let a be t(-5). Let i(b) be the second derivative of 1/6*b**4 + 3*b + 0 + 0*b**a - 2/3*b**3. Determine i(3).
6
Let j(u) = u**2 + 7*u + 8. Let g be j(-6). Let o(v) = -1 + 0*v**2 + v**g - 39*v + 33*v. Give o(6).
-1
Suppose -4*b = -2*b. Let x(a) = -a**2 + 0*a**2 + 1 + b. Let n be 0/(-3) + 2 - -1. Determine x(n).
-8
Let z(c) = -8*c**2 - 23*c + 8*c + 14*c. Calculate z(-1).
-7
Let k(y) = 13*y**2 + y + 4. Let v(m) = -25*m**2 - m - 7. Let p(z) = -5*k(z) - 3*v(z). Calculate p(1).
9
Let d = -2 + 6. Let b(t) = t**2 - 5. Let o(p) = -p**2 + p + 4. Let c(f) = 2*b(f) + 3*o(f). Calculate c(d).
-2
Let p(f) = -f**3 + 4*f**2 + 7*f - 5. Suppose -5*s + 2*j = -9, 0*s - 5*s = 3*j + 1. Let h(g) = -2 + s - 3*g - 12. Let k be h(-6). Give p(k).
5
Let c(u) be the first derivative of u**2/2 + 12*u + 3. Let a be c(-9). Let z = a + -6. Let v(w) = -w**2 - 5*w - 2. Determine v(z).
4
Let m(z) = z**3 + 2*z**2 - 3*z + 2. Let g(o) = 3*o**3 + 4*o**2 - 7*o + 5. Let p(j) = -2*g(j) + 5*m(j). What is p(1)?
0
Let o(f) = -f - 1. Let m(j) = j**2 - 9*j + 3. Let b(d) = -m(d) + 3*o(d). Give b(4).
2
Let p(b) = -b. Let g be p(0). Suppose g = -m + 6 - 3. Let i(d) = 2*d**2 - 3*d - 2. Give i(m).
7
Let m(i) = i**3 - 3*i**2 - 5*i - 1. Let s(a) = a**2 + 7*a + 5. Let x be s(-7). Let y(k) = -k**2 + 5*k + 4. Let z be y(x). Determine m(z).
-5
Let n(y) = y + 2. Suppose -2*x - 17 = 2*x + h, -5*x - 2*h - 22 = 0. Give n(x).
-2
Let d(h) = -8*h - 433 + 428 + h + h**2. Give d(8).
3
Let v(b) = -5*b**3 + 8*b**2 - 5*b - 3. Let r(q) = 4*q**3 - 7*q**2 + 4*q + 2. Let d(f) = -4*r(f) - 3*v(f). Let a = -2 - -6. Give d(a).
-3
Suppose -3 + 27 = 6*c. Let b(t) = -2*t**2 + 5*t + 3. Give b(c).
-9
Let w be -4 + -3 + 10 + (-2 - 4). Let n(p) = -p - 1. Determine n(w).
2
Let b = -143 - -146. Let g(q) = 5*q + 1. Let h(n) = -n**2 - 21*n - 4. Let k(u) = -9*g(u) - 2*h(u). Determine k(b).
8
Suppose 0 = -5*v + 20 - 0. Let f(k) = 4*k - k**2 - 2*k + k**3 - v*k + 1. Let b(r) = -10*r - 2. Let d be b(0). Determine f(d).
-7
Let h(k) = -k**2 + 5*k - 3. Suppose 0 = l - 5*q + 16, -5*l + 6*q = q + 20. Let s(m) = m - 7. Let j be s(11). Let f = j + l. Calculate h(f).
3
Let w be 8/(-20) - (-22)/5. Let a = w - 3. Let d(m) = a + m + m - 8*m. Determine d(-1).
7
Let d(m) be the second derivative of -m + 3/2*m**2 + 1/12*m**4 + 0 - 2/3*m**3. Determine d(3).
0
Let i(y) = y - 11. Suppose 0*c + c = 0. What is i(c)?
-11
Suppose 3*c = -4*c. Let h(f) = -f**2 + f. Determine h(c).
0
Let m(g) = -3 - 502*g + 506*g - g**3 + 5 + 2*g**2. Calculate m(-2).
10
Let b(k) = k - 3. Let x(l) = -l - 4. Let p = 11 + -15. Let o be x(p). Determine b(o).
-3
Let l = -7 - -3. Let u(g) = -5*g**2 - 4 + 4*g**2 + 4 - g. Let j(n) = -n**3 - 7*n**2 - n + 2. Let m(q) = j(q) - 3*u(q). Determine m(l).
-6
Let c = 5 - 1. Suppose 7 = 2*s + 3*w - c, 0 = 2*s + 5*w - 13. Suppose -4*i = 3*y + 2*y - 41, 3*i - s*y = -8. Let u(a) = -a**3 + 4*a**2 - 3*a + 5. Give u(i).
-7
Let t(f) = f**2 - f - 1. Suppose 0 = 2*x - 6*x + 68. Suppose r + 3*k = x, -15 + 2 = r - 3*k. Suppose 7 = 3*y + 5*j - 9, 2*y - 3*j = -r. Give t(y).
1
Let i be (-5)/(-3)*1*-3. Suppose 2*v = 4 + 2. Let r(z) = 3*z + v - 5 - 4*z. What is r(i)?
3
Let p(i) be the third derivative of 0*i**5 + 0*i**4 + 7/120*i**6 + 0*i + 0 - 1/6*i**3 - i**2. Suppose 8*z = 13*z + 5. Give p(z).
-8
Let o(v) = v**2 - 11*v + 13. Suppose 4 - 10 = -3*r. Suppose -u + 2 = r*w - 15, 4*u - w - 32 = 0. Calculate o(u).
-5
Let i(l) = -l**3 + 4*l**2 + 6*l - 4. Let m(a) = -a**2 + 19*a - 29. Let g be m(17). What is i(g)?
1
Let t(j) = j**2 - j - 1. Let r(w) = w**2 + 3*w + 4. Let h = 7 - 5. Suppose -3 = 3*m + h*f, 4 = -5*m - 2*f - 1. Let g(a) = m*r(a) - 3*t(a). Calculate g(1).
-5
Let m(c) = 3*c**2 + 7*c - c - 2 - 4*c**2. Let j(y) = -y**2 + 13*y + 5. Let h be j(13). What is m(h)?
3
Let t(l) = -3*l - 5 + l**2 + 3 + 3*l. Calculate t(0).
-2
Let f(r) = -r**3 + r**2 + 3*r - 2. Let c = 11 + -9. Determine f(c).
0
Let i = -6 + 5. Let o(h) = -6*h**2 + 3. Let a(b) = b**2 - b + 1. Let s(k) = i*o(k) - 5*a(k). Calculate s(-6).
-2
Let t(p) = -14*p**2 + 2*p + 23. Let q(v) = -5*v**2 + v + 8. Let w(d) = 17*q(d) - 6*t(d). Suppose 0*g + 2*g - 6 = 0. Determine w(g).
4
Let f(z) = z**3 + 7*z**2 + 6*z + 3. Suppose -4*v + t - 2*t - 20 = 0, 0 = -4*v + 4*t - 40. Give f(v).
3
Let g(r) = -7*r**3 - 3*r**2 + 7*r - 8. Let o(h) = -8*h**3 - 4*h**2 + 8*h - 9. Let v(p) = 6*g(p) - 5*o(p). Determine v(2).
-7
Let m(a) = 3 + 8*a**2 + 162*a**3 - 7*a - 2*a**2 - 161*a**3. What is m(-7)?
3
Let b(x) = -x - 1. Let u(y) be the first derivative of -3*y**2/2 - 4*y + 5. Let h(o) = -4*b(o) + u(o). Calculate h(-4).
-4
Let t(c) be the first derivative of -9*c**2/2 + c - 22. Let g(s) = -s**3 - 4*s**2 - 4*s - 2. Let a be g(-3). Give t(a).
-8
Let h(v) = -v**2 + 2*v - 4. Let d(k) = k**3 + 3*k**2 - 3*k + 1. Let y be d(-4). Calculate h(y).
-19
Suppose -3*w = 2*m - 3, 4*w - 2*m - m = 4. Let q(n) = -6*n + 1. Give q(w).
-5
Suppose -5*m = -0*m + 25. Let s(q) = -3*q**2 - 4 - 4*q - 7 + 2*q**2 + 12. Determine s(m).
-4
Let a(k) = -3*k**3 - 9*k**2 - 4*k - 1. Let z(r) = r**3 + r**2 + r. Let d(v) = -a(v) - 4*z(v). Determine d(5).
1
Let u = 10 + -4. Let g(b) be the third derivative of b**4/24 + 7*b**3/6 + b**2. Let z(j) = 2*j + 8. Let p(a) = u*z(a) - 7*g(a). Determine p(-2).
-11
Suppose 0 = -a - a. Suppose 2*q + q = 0, k - 4*q - 2 = a. Let r(l) = -1 - 3*l - 6*l + k*l. Determine r(-1).
6
Let h(q) = 3 + 19*q + q**2 + 20*q - 2 - 41*q. Let v(b) = b + 6. Let c be v(-5). What is h(c)?
0
Let l(y) be the first derivative of 4*y**2 - y + 10. Let b = -3 + 2. Give l(b).
-9
Let k(a) = -4*a + 3*a - 2*a + a**3 + 0*a - 3*a**2. Suppose h - 2*h + 10 = 4*t, 2*t - 4 = 0. Let c(y) = y + 2. Let m be c(h). Give k(m).
4
Let b(q) = -2*q - 2*q + q**3 + 4*q**2 + q**2 + 4. Let w(t) = -3*t - 3. Let k be w(1). Calculate b(k).
-8
Let b(p) be the second derivative of -p**5/20 - 5*p**4/12 - p**3/2 - 2*p. Suppose -2*j + 16 = 2*j. Suppose -1 = t + 3*o, -3*t - 15 - 1 = -j*o. Determine b(t).
-4
Let v(s) = -2*s + 7. Let z be (-9)/(-6)*(-20)/(-6). Suppose -5*w + 0*u = -5*u + 10, z*u - 10 = -5*w. Suppose 2*b + w = 10. Calculate v(b).
-3
Let c(y) = y**3 - 4*y**2 - 4*y + 3. Let i = 14 - 7. Suppose -4*h + i + 13 = 0. Determine c(h).
8
Let k be 0*1/(-2)*(-9 - -8). Let r(v) = -v**2 + 7. Calculate r(k).
7
Suppose 3*m = 4*v - 64, 0*m + 5*m - 32 = -4*v. Suppose 3*z - v = -5*a, -4*z + z = -3*a - 21. Let f(n) = n**2 - 6*n + 4. What is f(z)?
4
Let u(l) = l + 3. Let b = -98 - -102. What is u(b)?
7
Let i(h) = h**3 + h**2 + 2*h + 3. Let j be i(0). Let a(m) = m**2 - 3*m - 2. Calculate a(j).
-2
Let d(t) = t**2 - 3. Let w be d(3). Let u be w/(-3) + 0/(-2). Let m(a) = a + 3. Determine m(u).
1
Let p(u) = 5 + 650*u**2 - 651*u**2 - 4 + u. What is p(-5)?
-29
Let u be (-3)/9 + (-7)/(-3). Let b(t) be the second derivative of -t**5/10 + t**4/12 + 2*t**3/3 - 3*t**2/2 + 2*t - 12. Give b(u).
-7
Suppose 4*i - 3*i = 3. Let n(z) = -3*z + z + i*z + 2 - z**2 + 2*z**2. Give n(2).
8